ppose 12*y - 10*y - 216 = f. What is the highest common divisor of 12 and y?
12
Let u be ((-8)/(-10))/(51/45 - 1). Calculate the highest common factor of u and 34.
2
Let c(g) = -4*g - 1. Let z(d) = -5*d - 1. Let s(f) = -3*c(f) + 2*z(f). Let w be s(6). Let n = 119 - 93. Calculate the highest common divisor of w and n.
13
Let l(b) = 6*b - 28. Let y be l(6). Let p be ((-4)/5)/((-15)/(-75)). Let u be p/16 + 81/4. Calculate the highest common divisor of y and u.
4
Suppose 11*s = 45*s - 14518. Calculate the highest common divisor of 21 and s.
7
Suppose 0 = 4*h + 6*h - 910. What is the highest common divisor of h and 7?
7
Let f = 21 + -20. Let v be (13 - 12)*(4 - f). What is the greatest common divisor of v and 9?
3
Let r be 7/((2 + -1)*1). Let m = r + -5. Suppose m*a - 12 = a. Calculate the highest common factor of 84 and a.
12
Suppose -4*i - 68 = -7*i + 5*m, 0 = 5*m + 5. Let z be (-7)/(i/(-12))*-4. Let j be 2/(z/20)*-22. Calculate the greatest common divisor of 22 and j.
11
Let p be 0*(1 + 4/(-8)). Suppose u = -6*q + 4*q + 5, 3*q - 2*u - 18 = p. Let z = q - -8. Calculate the highest common factor of 96 and z.
12
Let o be (-4)/(-14) - (-2)/(-7). Suppose 6*f + 0*f - 102 = o. What is the greatest common factor of 187 and f?
17
Let r = 1 + 1. Suppose -5*u + 2*i = -59, 0 = 4*i + r - 14. Calculate the greatest common factor of u and 13.
13
Suppose -q + 59 + 40 = -4*w, 5*q + w = 495. What is the highest common factor of q and 12?
3
Let t = 106 - 50. Calculate the highest common divisor of t and 14.
14
Let n(k) = -k + 14. Let q be n(11). Let f(j) = 11*j**q + 2 - 5 - j**2 + 4 + 0*j**2. Let m be f(1). Calculate the greatest common factor of m and 77.
11
Suppose -5*t + 48 = -67. Let i = t + -15. Suppose -320 = -6*m + m. What is the highest common divisor of m and i?
8
Let x be -5 + 1 + (-840)/(-5). Calculate the greatest common divisor of x and 246.
82
Let n be (798/35)/((-3)/(-10)). Let v = -46 + n. What is the greatest common factor of v and 75?
15
Let w = -1272 + 1298. What is the highest common factor of w and 39?
13
Let z be (-12)/(-10)*100/(-15). Let v be (z/28)/((-1)/7). Suppose g - v*u = 3*u + 29, -5*g + 2*u + 30 = 0. What is the greatest common factor of 4 and g?
4
Suppose 2*n - 14 = 12. Let i = -18 + n. Let d(y) = 4*y**2 - 6*y - 4. Let h be d(i). Calculate the greatest common divisor of h and 14.
14
Suppose 13 = -3*y + 5*r, -4*y - 4*r + 36 = -0*y. Suppose -p = -3*p - y, -4*p - 368 = -5*q. Calculate the greatest common divisor of 18 and q.
18
Let v = -75 - -160. Let d = 116 - 169. Let p be 14/(-21) - d/3. Calculate the greatest common factor of v and p.
17
Suppose -6*m - 2*i + 23 = -3*m, 2*m = -2*i + 18. Let a(g) = -g**3 + 34*g**2 - 35*g + 68. Let j be a(33). Calculate the greatest common divisor of j and m.
1
Suppose 4*p - 105 + 81 = 0. What is the highest common factor of p and 192?
6
Suppose 1165 = 5*w - 5*y, 5*w + 5*y - 1210 = y. What is the greatest common divisor of w and 14?
14
Let u = 970 + -497. Calculate the greatest common divisor of 11 and u.
11
Let r(a) = 13*a**2 - 2*a. Let j be r(3). Let l = j + -69. Let k be (-9)/3 - (-7 - (2 + 0)). Calculate the highest common divisor of k and l.
6
Let m(x) = 30*x - 201. Let j be m(16). Calculate the highest common factor of 341 and j.
31
Suppose 4*w - 1 = 11. Suppose 0 = u - w*t - 10, t + 9 + 1 = 2*u. What is the highest common divisor of 52 and u?
4
Let h(r) = r + 2. Let i be h(3). Suppose i*v = q - 3*q + 62, -3*v = q - 37. What is the highest common divisor of v and 192?
12
Suppose 544 = 19*d - 786. What is the highest common divisor of 182 and d?
14
Suppose 2*h + 4*f = -2, -h = 9*f - 13*f - 11. What is the highest common divisor of 219 and h?
3
Suppose 2*z = z - 2*o + 105, 4*o + 305 = 3*z. Let n be (z - 5) + 0/1. What is the highest common factor of 14 and n?
14
Let g(b) = -b**2 + 8*b - 8. Let m be g(6). Suppose -5*h = -j - 2*h + 111, m*j - 389 = h. Let z be 18*(j/3)/4. What is the greatest common divisor of 18 and z?
18
Let v = 101 - 59. Calculate the greatest common divisor of 21 and v.
21
Let p be 3/6*5 + (-2)/4. Suppose -j - p*u = -43, 3*j - 102 = 4*u - u. Calculate the greatest common factor of 370 and j.
37
Suppose 5*z - 48 = z. Let b(h) = -66*h - 18. Let u be b(-1). Calculate the highest common factor of u and z.
12
Let v be 27/(-6)*(-8)/12. Suppose -a - 3*q = 6, -5*a + 4*q + 82 - 17 = 0. What is the greatest common divisor of a and v?
3
Suppose 5*j + 16 - 41 = 0. Suppose j*n - 4*n = 6. Suppose -3*q = 3*g - 174, 0*q = -3*q + 12. Calculate the greatest common divisor of g and n.
6
Let u be (110/4)/((-2)/(-12)). Let v(y) = 2*y + 2. Let d be v(-19). Let s = d - -51. What is the highest common factor of s and u?
15
Let p = -1935 + 2063. Calculate the greatest common factor of 1856 and p.
64
Let m(i) = 171*i**3 + 2*i**2 - 7*i + 6. Let a be m(1). Calculate the highest common divisor of a and 129.
43
Suppose 3*f - 9105 = -5*w, 4*f = -0*w - 2*w + 3642. Let a = w - 611. Suppose 5*s - a = -0*s. Calculate the highest common divisor of 22 and s.
22
Let x = 412 - 411. Suppose c + 0 - 1 = 0. Let j be ((-32)/(-20))/(c/5). Calculate the greatest common factor of j and x.
1
Let u be (2 - 1)/(2/34). Suppose 3*h + 2 = 11. Suppose 0 = 5*v - h*j - 73, 3*v + 14 = 5*v - 5*j. What is the greatest common factor of v and u?
17
Let v = -3 + 12. Suppose 9*p + 43*p = -2*p + 486. Calculate the highest common factor of v and p.
9
Let j = -681 + 701. Suppose 4*q = 11 + 29. What is the highest common factor of q and j?
10
Let l be (-1 + 0)*(1 - 6). Suppose l*w - 9 = 6. Suppose 3*y - 5*d + 6*d - 74 = 0, -y + w*d = -38. What is the highest common factor of y and 65?
13
Let f(n) = n**2 + 13 - 22 + 19 + 11 - 10*n. Let v be f(9). Calculate the greatest common factor of v and 48.
12
Let z be ((-6)/15)/(-2) + (-1488)/(-60). What is the highest common factor of z and 125?
25
Suppose 33*r + 1515 = 38*r. What is the greatest common divisor of r and 707?
101
Let q = -1 + -3. Let c be 4 + (0 + q - -44). Calculate the greatest common factor of 11 and c.
11
Let s(u) = -u**3 - 9*u**2 - 12*u - 14. Let w = 73 - 81. Let i be s(w). Calculate the greatest common factor of 9 and i.
9
Let v = 18 - -185. Calculate the greatest common factor of v and 58.
29
Let p = 8 + -39. Let j = p + 31. Suppose -2*f + 81 - 25 = j. What is the greatest common factor of f and 42?
14
Suppose 5*d - 50 = k - 0, 49 = 4*d + k. Let m = 27 - d. Suppose 3*q - 73 = -4*w, -q - 44 + 111 = 4*w. What is the highest common divisor of w and m?
16
Suppose -41*o + 39*o = -656. Calculate the highest common divisor of 41 and o.
41
Let j(m) = -2*m**2 + 13*m + 1. Let r be j(-11). Let b = -263 - r. What is the highest common divisor of 11 and b?
11
Let p(g) = -g**2 + 12. Let z be p(3). Suppose 0 = -h + z*h - 414. Calculate the highest common divisor of 9 and h.
9
Suppose -77 = -5*n + 88. Let x = 165 - 66. Calculate the greatest common divisor of x and n.
33
Let r be ((-4)/(-8))/((-1)/4) - -1. Let l be 14 + (r - -4) + -6. Calculate the highest common divisor of 33 and l.
11
Suppose -15 = -n - 13. Let z be ((-1)/n)/((-3)/186). Calculate the highest common divisor of 217 and z.
31
Let j(v) = 15*v**2. Let o be j(1). Suppose 53 + 187 = 40*x. Calculate the greatest common factor of x and o.
3
Let j = 823 - 81. Calculate the highest common factor of j and 42.
14
Let o be 1482 - (-3 - -3 - -8). What is the greatest common divisor of 22 and o?
22
Let b be ((-56)/5)/(6/(-15)). Let h = -17 + b. Suppose 4*k - k - 4*o - 17 = 0, o = 5*k - 51. Calculate the greatest common divisor of h and k.
11
Suppose -13*s + 724 = 100. Let y(k) = -k**3 + 8*k**2 + 3*k - 8. Suppose 25 = 3*a + 1. Let j be y(a). Calculate the highest common divisor of s and j.
16
Suppose -5*g = -4*g - 5. Suppose g*h + 3*j + 54 = 0, -3*h - 4*j - 21 = -6*j. Let x = h - -65. Calculate the highest common divisor of x and 84.
28
Suppose 0 = -a + 5*o + 12 + 7, -5*a = 2*o - 149. Suppose -5*l - 6 = -26. Suppose 580 = l*b - 0*b. What is the highest common factor of b and a?
29
Let k be 4246/10 - 4*4/(-40). Calculate the highest common divisor of k and 25.
25
Suppose -4*l - 260 = -5*u + 36, -2*l = -u + 58. What is the highest common divisor of 105 and u?
15
Let u be (4/3)/(8*(-3)/(-72)). Suppose n = -3*n + 56. Let l = 50 - n. Calculate t